3, 5, 7, 17, 2381
What are the prime factors of 539300952?
2, 3, 1433, 5227
List the prime factors of 93929544.
2, 3, 43, 3371
What are the prime factors of 4422664395?
3, 5, 61, 19891
List the prime factors of 146717639.
19, 41, 127, 1483
List the prime factors of 48101176.
2, 43, 67, 2087
What are the prime factors of 448936390?
2, 5, 7, 6413377
What are the prime factors of 3066906119?
3066906119
What are the prime factors of 158312976?
2, 3, 17, 131, 1481
List the prime factors of 6267924.
2, 3, 13, 59, 227
List the prime factors of 114305069.
114305069
List the prime factors of 425092791.
3, 6359, 22283
What are the prime factors of 28933905?
3, 5, 7, 11, 13, 41, 47
What are the prime factors of 45667044?
2, 3, 389, 1087
What are the prime factors of 7421446247?
20479, 362393
List the prime factors of 81052213.
11, 669853
List the prime factors of 32326892.
2, 13, 621671
List the prime factors of 30714434.
2, 89, 172553
What are the prime factors of 63196412?
2, 17, 43, 21613
List the prime factors of 5083904987.
7, 271, 349, 1097
What are the prime factors of 831018842?
2, 23, 18065627
List the prime factors of 91138909.
29, 3142721
List the prime factors of 438248374.
2, 139, 349, 4517
List the prime factors of 2525284672.
2, 67, 163, 3613
List the prime factors of 18841812.
2, 3, 11, 349, 409
List the prime factors of 318279768.
2, 3, 83, 159779
List the prime factors of 303852452.
2, 31, 71, 34513
List the prime factors of 6226829.
7, 223, 3989
List the prime factors of 1225897343.
11, 1021, 9923
What are the prime factors of 1920144845?
5, 19, 223, 233, 389
List the prime factors of 88523800.
2, 5, 442619
List the prime factors of 16266813.
3, 53, 263, 389
What are the prime factors of 104144125?
5, 17, 49009
What are the prime factors of 938134241?
11, 47, 1814573
List the prime factors of 5328971413.
32159, 165707
What are the prime factors of 848602037?
848602037
What are the prime factors of 3683090427?
3, 2633, 466273
List the prime factors of 449471798.
2, 431, 521429
What are the prime factors of 1269590795?
5, 11, 23083469
What are the prime factors of 40471929?
3, 4496881
List the prime factors of 1612307243.
1612307243
List the prime factors of 131374089.
3, 7, 11, 29, 2179
List the prime factors of 73515022.
2, 7, 137, 38329
List the prime factors of 479013717.
3, 7, 13, 1754629
What are the prime factors of 486532471?
83, 5861837
What are the prime factors of 149026271?
59, 103, 137, 179
List the prime factors of 24560208.
2, 3, 170557
List the prime factors of 2132243900.
2, 5, 21322439
List the prime factors of 42612553.
877, 48589
What are the prime factors of 79599742?
2, 39799871
What are the prime factors of 161398506?
2, 3, 521, 51631
What are the prime factors of 297800354?
2, 6143, 24239
List the prime factors of 1055116291.
1657, 636763
List the prime factors of 72788541.
3, 7, 1289, 2689
What are the prime factors of 1314052211?
31, 42388781
What are the prime factors of 990797482?
2, 495398741
What are the prime factors of 141228467?
31, 47, 96931
What are the prime factors of 817146456?
2, 3, 7, 29, 179, 937
List the prime factors of 73435325.
5, 17, 131, 1319
List the prime factors of 1664306981.
61, 27283721
List the prime factors of 81545773.
359, 227147
List the prime factors of 1455671931.
3, 7, 69317711
What are the prime factors of 5722670855?
5, 11, 104048561
What are the prime factors of 2779820119?
26993, 102983
What are the prime factors of 11813907?
3, 7, 457, 1231
List the prime factors of 1067750368.
2, 643, 51893
List the prime factors of 63453112.
2, 17, 466567
What are the prime factors of 285850877?
13, 19, 23, 67, 751
What are the prime factors of 7133025?
3, 5, 95107
What are the prime factors of 822446854?
2, 14797, 27791
What are the prime factors of 564344000?
2, 5, 11, 53
List the prime factors of 546938271.
3, 11, 167413
What are the prime factors of 251768083?
7, 35966869
What are the prime factors of 2034113281?
367, 1607, 3449
List the prime factors of 199969292.
2, 139, 359657
List the prime factors of 1756703259.
3, 195189251
What are the prime factors of 11686304?
2, 7, 29, 257
List the prime factors of 32948098.
2, 23, 167, 4289
What are the prime factors of 232383566?
2, 19, 83, 73679
What are the prime factors of 34648664?
2, 4331083
What are the prime factors of 54549812?
2, 29, 421, 1117
List the prime factors of 37321309.
853, 43753
List the prime factors of 6395908.
2, 1087, 1471
List the prime factors of 350496020.
2, 5, 7, 357649
List the prime factors of 4175653.
4175653
What are the prime factors of 59283870?
2, 3, 5, 1033, 1913
What are the prime factors of 26169779?
1181, 22159
List the prime factors of 398903760.
2, 3, 5, 41, 13513
List the prime factors of 3155726372.
2, 788931593
List the prime factors of 4579328794.
2, 17, 853, 157897
What are the prime factors of 2629343958?
2, 3, 438223993
List the prime factors of 2065866861.
3, 688622287
List the prime factors of 243710180.
2, 5, 7, 1740787
List the prime factors of 30461345.
5, 6092269
List the prime factors of 127112449.
419, 303371
List the prime factors of 1235041810.
2, 5, 23, 173, 31039
List the prime factors of 285120598.
2, 7, 191, 106627
What are the prime factors of 16731513?
3, 1859057
What are the prime factors of 73254813?
3, 59, 413869
List the prime factors of 3643774984.
2, 349, 613, 2129
List the prime factors of 31079951.
7, 4439993
What are the prime factors of 181308424?
2, 11, 181, 11383
What are the prime factors of 2631401256?
2, 3, 11, 97, 211, 487
List the prime factors of 47248497.
3, 19, 83, 3329
List the prime factors of 50793871.
50793871
List the prime factors of 413544027.
3, 13, 3191, 3323
List the prime factors of 852676846.
2, 7, 3709, 16421
List the prime factors of 3079786246.
2, 2113, 728771
What are the prime factors of 11205320?
2, 5, 7, 5717
What are the prime factors of 1041370601?
19, 54808979
What are the prime factors of 2817468605?
5, 7, 23, 53, 66037
What are the prime factors of 30248477?
7, 4321211
List the prime factors of 54861781.
13, 4220137
What are the prime factors of 864644956?
2, 7, 17, 127, 14303
List the prime factors of 295361883.
3, 23, 43, 1229
List the prime factors of 244056303.
3, 61, 444547
What are the prime factors of 228926019?
3, 7, 10901239
What are the prime factors of 3172512081?
3, 439, 1499, 1607
What are the prime factors of 5477249746?
2, 103, 26588591
What are the prime factors of 6483987?
3, 17, 42379
List the prime factors of 1532190455.
5, 306438091
List the prime factors of 1400634625.
5, 13, 861929
What are the prime factors of 2656846416?
2, 3, 7, 149, 53069
List the prime factors of 67552711.
977, 69143
What are the prime factors of 850985513?
7, 647, 187897
List the prime factors of 10825227.
3, 7, 24547
What are the prime factors of 38475223?
38475223
List the prime factors of 486379207.
839, 579713
What are the prime factors of 296566626?
2, 3, 49427771
What are the prime factors of 2353479032?
2, 71, 4143449
What are the prime factors of 1030948735?
5, 10831, 19037
What are the prime factors of 1879962505?
5, 19, 19789079
List the prime factors of 7066147468.
2, 3169, 557443
List the prime factors of 2157407535.
3, 5, 19, 7569851
List the prime factors of 3376207375.
5, 19, 23, 3253
What are the prime factors of 44794049?
44794049
What are the prime factors of 1445441607?
3, 9157, 17539
What are the prime factors of 429610955?
5, 149, 576659
What are the prime factors of 492534?
2, 3, 7, 1303
List the prime factors of 92838943.
92838943
What are the prime factors of 100725230?
2, 5, 47, 214309
What are the prime factors of 43845543?
3, 7, 11047
What are the prime factors of 3678301366?
2, 21859, 84137
What are the prime factors of 702376553?
19, 23, 457, 3517
What are the prime factors of 30689377?
389, 78893
List the prime factors of 438931176.
2, 3, 3511, 5209
List the prime factors of 115034075.
5, 13, 19, 1433
What are the prime factors of 20439715?
5, 53, 137, 563
What are the prime factors of 5576650212?
2, 3, 7, 37, 137, 1871
What are the prime factors of 1786416452?
2, 227, 1967419
What are the prime factors of 79248425?
5, 71, 44647
List the prime factors of 890906454.
2, 3, 17, 73, 39883
What are the prime